{"id":106,"date":"2021-03-12T22:53:49","date_gmt":"2021-03-12T20:53:49","guid":{"rendered":"https:\/\/www.katulapsikoulut.fi\/sivut\/?page_id=106"},"modified":"2021-03-15T03:05:52","modified_gmt":"2021-03-15T01:05:52","slug":"pakistanin-koulut","status":"publish","type":"page","link":"https:\/\/www.katulapsikoulut.fi\/sivut\/pakistanin-koulut\/","title":{"rendered":"Pakistanin koulut"},"content":{"rendered":"<p>Marko Koskinen<br \/>\n<em>12.3.2021<\/em><\/p>\n<h3><a href=\"https:\/\/www.katulapsikoulut.fi\/sivut\/wp-content\/uploads\/2021\/03\/factsheet_Pakistan_v2.png\"><img loading=\"lazy\" decoding=\"async\" class=\"wp-image-133 alignright\" src=\"https:\/\/www.katulapsikoulut.fi\/sivut\/wp-content\/uploads\/2021\/03\/factsheet_Pakistan_v2.png\" alt=\"\" width=\"482\" height=\"358\" srcset=\"https:\/\/www.katulapsikoulut.fi\/sivut\/wp-content\/uploads\/2021\/03\/factsheet_Pakistan_v2.png 654w, https:\/\/www.katulapsikoulut.fi\/sivut\/wp-content\/uploads\/2021\/03\/factsheet_Pakistan_v2-300x223.png 300w, https:\/\/www.katulapsikoulut.fi\/sivut\/wp-content\/uploads\/2021\/03\/factsheet_Pakistan_v2-600x446.png 600w\" sizes=\"auto, (max-width: 482px) 100vw, 482px\" \/><\/a>Koulun synty<\/h3>\n<p>Kun oppilailta kysyttiin, miten he haluavat nimet\u00e4 koulunsa, he p\u00e4\u00e4ttiv\u00e4t antaa sille nimen <a href=\"https:\/\/myidentityschool.org\/wp_meripehchan\/?page_id=11\" target=\"_blank\" rel=\"noopener\"><strong>Meri Pehchan \u2013 Minun identiteettini<\/strong><\/a>. Se kuvastaa hyvin koulun henke\u00e4.<\/p>\n<p>Kev\u00e4\u00e4ll\u00e4 2016 kun valmistelin kansainv\u00e4list\u00e4 kouludemokratian konferenssia (<a href=\"https:\/\/idec2016.org\/wp\/\" target=\"_blank\" rel=\"noopener\">IDEC 2016<\/a>) Mikkeliss\u00e4, tutustuin <strong>Arif Pauliin<\/strong>, joka oli jo pitk\u00e4\u00e4n ty\u00f6skennellyt slummissa paikallisten perheiden tukemiseksi. Totesimme ett\u00e4 kasvatusfilosofiamme ovat niin samansuuntaiset, ett\u00e4 voisimme rakentaa jotain yhteist\u00e4. Arifin tavoitteena oli p\u00e4\u00e4st\u00e4 osallistumaan Mikkelin konferenssiin, mutta emme lopulta onnistuneet saamaan Arifille viisumia, joten p\u00e4\u00e4timme perustaa yhdess\u00e4 koulun.<\/p>\n<p>Arif ty\u00f6skenteli j\u00e4rjest\u00f6ss\u00e4 nimelt\u00e4 <a href=\"http:\/\/stepngo.org\/\" target=\"_blank\" rel=\"noopener\"><strong>STEP &#8211; Social Transformation and Educational Prosperity<\/strong><\/a>, jonka tavoitteena on kehitt\u00e4\u00e4 slummin asukkaiden koulutustasoa ja sit\u00e4 kautta hyvinvointia. Koska meill\u00e4 ei ollut rahaa, mutta tahtoa ja ideoita sit\u00e4kin enemm\u00e4n, l\u00e4hdimme rakentamaan kouluajatusta sill\u00e4 ajatuksella ett\u00e4 oppilaille tarjotaan virikkeellinen ja turvallinen oppimisymp\u00e4rist\u00f6, jossa he voivat itsen\u00e4isesti, mutta tuettuna opiskella itselleen t\u00e4rkeit\u00e4 asioita.<\/p>\n<p><img loading=\"lazy\" decoding=\"async\" class=\"size-medium wp-image-110 alignright\" src=\"https:\/\/www.katulapsikoulut.fi\/sivut\/wp-content\/uploads\/2021\/03\/STEP_PICT0008-300x185.jpg\" alt=\"\" width=\"300\" height=\"185\" srcset=\"https:\/\/www.katulapsikoulut.fi\/sivut\/wp-content\/uploads\/2021\/03\/STEP_PICT0008-300x185.jpg 300w, https:\/\/www.katulapsikoulut.fi\/sivut\/wp-content\/uploads\/2021\/03\/STEP_PICT0008.jpg 448w\" sizes=\"auto, (max-width: 300px) 100vw, 300px\" \/>Arif oli aiempina vuosina kiert\u00e4nyt l\u00e4hikyli\u00e4 ja ker\u00e4nnyt perheilt\u00e4 tietoa lasten koulunk\u00e4ynnist\u00e4 ja todennut ett\u00e4 l\u00e4hes kaikki l\u00e4hikylien lapset olivat joutuneet j\u00e4\u00e4m\u00e4\u00e4n pois kouluista. Syyn\u00e4 oli useimmiten perheen taloudellinen tilanne. Perheill\u00e4 ei ollut varaa hankkia lapsille koulupukua tai oppimateriaaleja &#8211; vaikka koulut Pakistanissa ovat ilmaisia, joutuu perhe kustantamaan muut oheiskulut. Perheet tarvitsivat lis\u00e4ksi vanhempien lasten ty\u00f6panosta perheen el\u00e4tt\u00e4miseksi.<\/p>\n<p>Koska itsell\u00e4ni on ollut pitk\u00e4 kokemus verkko-oppimisesta ja tietokoneavusteisesta oppimisesta, p\u00e4\u00e4timme l\u00e4hte\u00e4 testaamaan <a href=\"https:\/\/www.youtube.com\/watch?v=dk60sYrU2RU\" target=\"_blank\" rel=\"noopener\"><strong>Sugata Mitran<\/strong><\/a> luotsaamaa <a href=\"https:\/\/hundred.org\/en\/innovations\/self-organized-learning-environments#843725c9\" target=\"_blank\" rel=\"noopener\"><strong>SOLE-opiskelumallia<\/strong><\/a> (Self-Organized Learning Environment), jossa oppilaille tarjotaan netill\u00e4 varustettuja tietokoneita niin ett\u00e4 yht\u00e4 tietokonetta kohden on 3-6 oppilasta, ja oppilaille <a href=\"https:\/\/www.youtube.com\/watch?v=dk60sYrU2RU\" target=\"_blank\" rel=\"noopener\"><img loading=\"lazy\" decoding=\"async\" class=\"size-medium wp-image-112 alignleft\" src=\"https:\/\/www.katulapsikoulut.fi\/sivut\/wp-content\/uploads\/2021\/03\/TED-300x170.jpg\" alt=\"\" width=\"300\" height=\"170\" srcset=\"https:\/\/www.katulapsikoulut.fi\/sivut\/wp-content\/uploads\/2021\/03\/TED-300x170.jpg 300w, https:\/\/www.katulapsikoulut.fi\/sivut\/wp-content\/uploads\/2021\/03\/TED-768x436.jpg 768w, https:\/\/www.katulapsikoulut.fi\/sivut\/wp-content\/uploads\/2021\/03\/TED-600x341.jpg 600w, https:\/\/www.katulapsikoulut.fi\/sivut\/wp-content\/uploads\/2021\/03\/TED.jpg 861w\" sizes=\"auto, (max-width: 300px) 100vw, 300px\" \/><\/a>esitet\u00e4\u00e4n mielekk\u00e4it\u00e4 kysymyksi\u00e4, joihin he pyrkiv\u00e4t itsen\u00e4isesti l\u00f6yt\u00e4m\u00e4\u00e4n vastauksia. Ongelmana meid\u00e4n tapauksessa tosin oli se, ett\u00e4 vain muutama oppilaista osasi lukea. P\u00e4\u00e4timme silti l\u00e4hte\u00e4 testaamaan miten j\u00e4rjestelm\u00e4 voisi toimia.<\/p>\n<p><strong>Huhtikuussa 2016<\/strong> perustimme ensimm\u00e4isen koulun, johon ilmoittautui mukaan 50 4-15-vuotiasta oppilasta. P\u00e4\u00e4timme jakaa oppilaat kolmeen ryhm\u00e4\u00e4n, koska meill\u00e4 oli ollut varaa hankkia vain muutama tietokone. Koulun aukioloajaksi p\u00e4\u00e4timme asettaa iltaisin klo 17-20, koska suuri osa oppilaista joutui ty\u00f6skentelem\u00e4\u00e4n p\u00e4ivisin. Vanhemmilta vaadimme sitoutumista niin ett\u00e4 he lupasivat l\u00e4hett\u00e4\u00e4 lapset joka p\u00e4iv\u00e4 kouluun.<\/p>\n<h3>Koulun toimintamalli<\/h3>\n<p>Lapset olivat aluksi hyvin ep\u00e4luuloisia, koska monet heist\u00e4 olivat jossain vaiheessa k\u00e4yneet tavallista koulua, jossa he olivat kohdanneet v\u00e4kivaltaa ja aikuisten mielivaltaista auktoriteettia. Lapsille k\u00e4vi kuitenkin pian selv\u00e4ksi, ett\u00e4 t\u00e4\u00e4ll\u00e4 aikuiset eiv\u00e4t l\u00f6isi heit\u00e4 tai rankaisisi heit\u00e4 muilla keinoin. Jokainen lapsi tuli paikalle vapaaehtoisesti. Tietokoneiden suhteen lapset olivat hyvin ihmeiss\u00e4\u00e4n, sill\u00e4 he saivat ensimm\u00e4ist\u00e4 kertaa el\u00e4m\u00e4ss\u00e4\u00e4n koskea tietokoneeseen ja kun heille selvisi, ett\u00e4 he saisivat k\u00e4ytt\u00e4\u00e4 tietokoneita itsen\u00e4isesti, se oli heist\u00e4 varsin uskomatonta. Lapsille l\u00e4hinn\u00e4 korostettiin, ett\u00e4 heid\u00e4n tulisi k\u00e4ytt\u00e4\u00e4 tietokoneita varoen ja huolehtia niist\u00e4 kuin ne olisivat heid\u00e4n omiaan.<\/p>\n<p><img loading=\"lazy\" decoding=\"async\" class=\"size-medium wp-image-47 alignleft\" src=\"https:\/\/www.katulapsikoulut.fi\/sivut\/wp-content\/uploads\/2021\/03\/11c04c7a-91c4-4491-be2d-29ee75bc878d-1024x579-1-300x170.jpg\" alt=\"\" width=\"300\" height=\"170\" srcset=\"https:\/\/www.katulapsikoulut.fi\/sivut\/wp-content\/uploads\/2021\/03\/11c04c7a-91c4-4491-be2d-29ee75bc878d-1024x579-1-300x170.jpg 300w, https:\/\/www.katulapsikoulut.fi\/sivut\/wp-content\/uploads\/2021\/03\/11c04c7a-91c4-4491-be2d-29ee75bc878d-1024x579-1-600x339.jpg 600w, https:\/\/www.katulapsikoulut.fi\/sivut\/wp-content\/uploads\/2021\/03\/11c04c7a-91c4-4491-be2d-29ee75bc878d-1024x579-1-768x434.jpg 768w, https:\/\/www.katulapsikoulut.fi\/sivut\/wp-content\/uploads\/2021\/03\/11c04c7a-91c4-4491-be2d-29ee75bc878d-1024x579-1.jpg 1024w\" sizes=\"auto, (max-width: 300px) 100vw, 300px\" \/>Koulussamme ty\u00f6skenteli Arifin lis\u00e4ksi pari vapaaehtoista ohjaajaa, jotka ohjasivat lapsia tietokoneen k\u00e4yt\u00f6ss\u00e4. My\u00f6s ohjaajille tietokoneiden k\u00e4ytt\u00f6 oli suhteellisen uutta ja hekin p\u00e4\u00e4siv\u00e4t opiskelemaan tietokoneen k\u00e4ytt\u00f6\u00e4 uudella tavalla.<\/p>\n<p>Ensimm\u00e4inen askel lasten ohjaamisessa oli auttaa heit\u00e4 l\u00f6yt\u00e4m\u00e4\u00e4n tietokoneelta materiaaleja, joiden avulla he voisivat opetella lukemaan. Youtubesta l\u00f6ytyi runsaasti videoita, joissa oli lapsille suunnattuja lauluja, runoja ja leikkej\u00e4, jotka helpottivat lasten oppimista. Lapset kokoontuivat pienin\u00e4 ryhmin\u00e4 tietokoneen \u00e4\u00e4reen katsomaan videoita, laulamaan yhdess\u00e4 ja matkimaan videoiden esityksi\u00e4.<\/p>\n<p>Konsepti n\u00e4ytti toimivan hyvin. Lapset olivat innoissaan ja perheet olivat kiitollisia tarjoamastamme mahdollisuudesta. <strong>Syksyll\u00e4 2016<\/strong> p\u00e4\u00e4timme perustaa toisen keskuksen ja vuodenvaihteessa viel\u00e4 kolmannen. L\u00f6ysimme kaikkiin riitt\u00e4v\u00e4sti vapaaehtoisia ohjaajia ja meill\u00e4 oli riitt\u00e4v\u00e4sti varoja, jotta pystyimme hankkimaan tarvittavat tietokoneet ja muut oheislaitteet. Koulun omilta kotisivuilta l\u00f6ytyy <a href=\"https:\/\/myidentityschool.org\/wp_meripehchan\/?page_id=9\" target=\"_blank\" rel=\"noopener\"><strong>tarkempi kuvaus kustannuksista<\/strong><\/a>.<\/p>\n<h3>Ompelukeskus \u00e4ideille<\/h3>\n<p><img loading=\"lazy\" decoding=\"async\" class=\"size-medium wp-image-40 alignright\" src=\"https:\/\/www.katulapsikoulut.fi\/sivut\/wp-content\/uploads\/2021\/03\/e2b72b0f-75a9-4780-8a1c-2b6b4cb1f7ad-1024x576-1-300x169.jpg\" alt=\"\" width=\"300\" height=\"169\" srcset=\"https:\/\/www.katulapsikoulut.fi\/sivut\/wp-content\/uploads\/2021\/03\/e2b72b0f-75a9-4780-8a1c-2b6b4cb1f7ad-1024x576-1-300x169.jpg 300w, https:\/\/www.katulapsikoulut.fi\/sivut\/wp-content\/uploads\/2021\/03\/e2b72b0f-75a9-4780-8a1c-2b6b4cb1f7ad-1024x576-1-600x338.jpg 600w, https:\/\/www.katulapsikoulut.fi\/sivut\/wp-content\/uploads\/2021\/03\/e2b72b0f-75a9-4780-8a1c-2b6b4cb1f7ad-1024x576-1-768x432.jpg 768w, https:\/\/www.katulapsikoulut.fi\/sivut\/wp-content\/uploads\/2021\/03\/e2b72b0f-75a9-4780-8a1c-2b6b4cb1f7ad-1024x576-1.jpg 1024w\" sizes=\"auto, (max-width: 300px) 100vw, 300px\" \/><\/p>\n<p>Yhten\u00e4 keskeisen\u00e4 tavoitteena hankkeellamme on ollut tukea perheiden taloudellista tilannetta. Syksyll\u00e4 2018 p\u00e4\u00e4timme ensimm\u00e4isen keskukseen avautui lis\u00e4tila, jonka p\u00e4\u00e4timme omistaa lasten \u00e4ideille suunnatuksi koulutustilaksi. Monet \u00e4ideist\u00e4 ovat kouluttamattomia, eik\u00e4 heill\u00e4 ole ammatillista osamista. \u00c4idit toivoivat voivansa opiskella ompelemista, joten hankimme muutaman ompelukoneen ja palkkasimme opettajan ohjaamaan \u00e4itien opiskelua.<\/p>\n<h3>Rahoitus<\/h3>\n<p>Koulujen perustamiskustannukset pystyttiin pit\u00e4m\u00e4\u00e4n varsin kohtuullisina. Itsell\u00e4ni oli sen verran ylim\u00e4\u00e4r\u00e4isi\u00e4 tuloja, ett\u00e4 pystyin p\u00e4\u00e4osin kustantamaan projektin itse. Halusin kuitenkin tarjota konseptin tukemisen mahdollisuutta my\u00f6s muille ja rakensinkin hanketta varten oman rahoitusmallin, joka perustui oppilaskohtaiseen kummioppilas-malliin. Meill\u00e4 ei kuitenkaan ollut rahanker\u00e4yslupaa, joten kyselin tukea l\u00e4hinn\u00e4 tutuilta. Saimme tukijoukkoihin mukaan noin 50 ihmist\u00e4, joista monet olivat ulkomailta. Koulujen taloudellinen tilanne n\u00e4ytti siis varsin turvatulta. Hanke on kuitenkin osoittautunut niin toimivaksi, ett\u00e4 haluamme laajentaa toimintaa ja sit\u00e4 varten l\u00e4hdimme rakentamaan erillist\u00e4 ker\u00e4yst\u00e4.<\/p>\n<h3>Lis\u00e4tietoa<\/h3>\n<p><a href=\"https:\/\/www.myidentityschool.org\" target=\"_blank\" rel=\"noopener\">https:\/\/www.myidentityschool.org<\/a><\/p>\n<h3>Ker\u00e4ystulojen kohdennus<\/h3>\n<p>Ker\u00e4yksen tuloilla varmistamme olemassaolevien koulujen toiminnan ja voimme mahdollisesti perustaa nelj\u00e4nnen keskuksen.<\/p>\n<p><strong>Keskusten kulurakenne \/ kk<\/strong><\/p>\n<p><strong>KOLME KESKUSTA, TALENT, SMILE JA JOY -KESKUKSET<\/strong><br \/>\n1. Vuokra 74 \u20ac<br \/>\n2. S\u00e4hk\u00f6 + vesi 23 \u20ac<br \/>\n3. Internet 12 \u20ac<br \/>\n4. Muut kulut 6 \u20ac<\/p>\n<p><strong>Yhteens\u00e4: 114 \u20ac \/ keskus, x 3 = 342 \u20ac<br \/>\n<\/strong><\/p>\n<p><strong>OMPELUKESKUS \u00c4IDEILLE<\/strong><br \/>\n1. Vuokra 46 \u20ac<br \/>\n2. Auton vuokra 46 \u20ac<br \/>\n3. Kankaat ja langat 9 \u20ac<br \/>\n4. Opettajan palkkio 20 \u20ac<br \/>\n5. Yll\u00e4pitokustannukset 6 \u20ac<\/p>\n<p><strong>Yhteens\u00e4 127 \u20ac<\/strong><\/p>\n<p><strong>Kaikki keskukset yhteens\u00e4 469 \u20ac \/ kk<br \/>\n<\/strong><\/p>\n<p><strong>Tavoite hankkia ker\u00e4yksell\u00e4 rahoitus 6 kk:ksi, yhteens\u00e4: 2 814 \u20ac<\/strong><\/p>\n<p>&nbsp;<\/p>\n","protected":false},"excerpt":{"rendered":"<p>Marko Koskinen 12.3.2021 Koulun synty Kun oppilailta kysyttiin, miten he haluavat nimet\u00e4 koulunsa, he p\u00e4\u00e4ttiv\u00e4t antaa sille nimen Meri Pehchan \u2013 Minun identiteettini. Se kuvastaa hyvin koulun henke\u00e4. Kev\u00e4\u00e4ll\u00e4 2016 kun valmistelin kansainv\u00e4list\u00e4 kouludemokratian konferenssia (IDEC 2016) Mikkeliss\u00e4, tutustuin Arif Pauliin, joka oli jo pitk\u00e4\u00e4n ty\u00f6skennellyt slummissa paikallisten perheiden tukemiseksi. Totesimme ett\u00e4 kasvatusfilosofiamme ovat niin&hellip; <br \/> <a class=\"read-more\" href=\"https:\/\/www.katulapsikoulut.fi\/sivut\/pakistanin-koulut\/\">Read more<\/a><\/p>\n","protected":false},"author":1,"featured_media":45,"parent":0,"menu_order":0,"comment_status":"closed","ping_status":"closed","template":"","meta":{"footnotes":""},"class_list":["post-106","page","type-page","status-publish","has-post-thumbnail","hentry"],"_links":{"self":[{"href":"https:\/\/www.katulapsikoulut.fi\/sivut\/wp-json\/wp\/v2\/pages\/106","targetHints":{"allow":["GET"]}}],"collection":[{"href":"https:\/\/www.katulapsikoulut.fi\/sivut\/wp-json\/wp\/v2\/pages"}],"about":[{"href":"https:\/\/www.katulapsikoulut.fi\/sivut\/wp-json\/wp\/v2\/types\/page"}],"author":[{"embeddable":true,"href":"https:\/\/www.katulapsikoulut.fi\/sivut\/wp-json\/wp\/v2\/users\/1"}],"replies":[{"embeddable":true,"href":"https:\/\/www.katulapsikoulut.fi\/sivut\/wp-json\/wp\/v2\/comments?post=106"}],"version-history":[{"count":10,"href":"https:\/\/www.katulapsikoulut.fi\/sivut\/wp-json\/wp\/v2\/pages\/106\/revisions"}],"predecessor-version":[{"id":263,"href":"https:\/\/www.katulapsikoulut.fi\/sivut\/wp-json\/wp\/v2\/pages\/106\/revisions\/263"}],"wp:featuredmedia":[{"embeddable":true,"href":"https:\/\/www.katulapsikoulut.fi\/sivut\/wp-json\/wp\/v2\/media\/45"}],"wp:attachment":[{"href":"https:\/\/www.katulapsikoulut.fi\/sivut\/wp-json\/wp\/v2\/media?parent=106"}],"curies":[{"name":"wp","href":"https:\/\/api.w.org\/{rel}","templated":true}]}}