{"id":177,"date":"2021-03-13T15:28:52","date_gmt":"2021-03-13T13:28:52","guid":{"rendered":"https:\/\/www.katulapsikoulut.fi\/sivut\/?page_id=177"},"modified":"2022-05-25T15:49:35","modified_gmt":"2022-05-25T13:49:35","slug":"listaa-lahjoitukset","status":"publish","type":"page","link":"https:\/\/www.katulapsikoulut.fi\/sivut\/listaa-lahjoitukset\/","title":{"rendered":"Listaa lahjoitukset"},"content":{"rendered":"<h3>Vuoden 2022 lahjoitukset<\/h3>\n<p>Pienker\u00e4yksen j\u00e4rjest\u00e4\u00e4 vuonna 2022 Katulapsikoulujen tukiyhdistys ry (Y-tunnus: 3245450-9)<\/p>\n<p>Pienker\u00e4ys j\u00e4rjestet\u00e4\u00e4n yhteisty\u00f6ss\u00e4 <a href=\"https:\/\/kehittyvakoulu.fi\" target=\"_blank\" rel=\"noopener\">Kehittyv\u00e4 koulu -yhdistyksen<\/a> kanssa (Y-tunnus: 2180663-6)<\/p>\n<p>Pienker\u00e4ysnumero: RA\/2022\/131<br \/>\n<a href=\"https:\/\/www.katulapsikoulut.fi\/sivut\/wp-content\/uploads\/2022\/02\/Pienkeraysilmoitus_hyvaksynta_20220202_135132.pdf\" target=\"_blank\" rel=\"noopener\">Lataa ilmoituksen hyv\u00e4ksynt\u00e4<\/a><\/p>\n<p>Ker\u00e4ys on voimassa 02.02.2022 &#8211; 01.05.2022.<\/p>\n<hr \/>\n<p><strong>Listaa p\u00e4ivitet\u00e4\u00e4n manuaalisesti, joten lahjoitukset n\u00e4kyv\u00e4t t\u00e4\u00e4ll\u00e4 viiveell\u00e4.<\/strong><\/p>\n<table>\n<tbody>\n<tr>\n<td>2.5.2022<\/td>\n<td>30 \u20ac<\/td>\n<\/tr>\n<tr>\n<td>1.5.2022<\/td>\n<td>100 \u20ac<\/td>\n<\/tr>\n<tr>\n<td>1.5.2022<\/td>\n<td>50 \u20ac<\/td>\n<\/tr>\n<tr>\n<td>1.5.2022<\/td>\n<td>20 \u20ac<\/td>\n<\/tr>\n<tr>\n<td>1.5.2022<\/td>\n<td>40 \u20ac<\/td>\n<\/tr>\n<tr>\n<td>26.4.2022<\/td>\n<td>50 \u20ac<\/td>\n<\/tr>\n<tr>\n<td>14.4.2022<\/td>\n<td>100 \u20ac<\/td>\n<\/tr>\n<tr>\n<td>12.4.2022<\/td>\n<td>20 \u20ac<\/td>\n<\/tr>\n<tr>\n<td>11.4.2022<\/td>\n<td>100 \u20ac<\/td>\n<\/tr>\n<tr>\n<td>9.4.2022<\/td>\n<td>20 \u20ac<\/td>\n<\/tr>\n<tr>\n<td>8.4.2022<\/td>\n<td>25 \u20ac<\/td>\n<\/tr>\n<tr>\n<td>7.4.2022<\/td>\n<td>20 \u20ac<\/td>\n<\/tr>\n<tr>\n<td>5.4.2022<\/td>\n<td>30 \u20ac<\/td>\n<\/tr>\n<tr>\n<td>31.3.2022<\/td>\n<td>10 \u20ac<\/td>\n<\/tr>\n<tr>\n<td>31.3.2022<\/td>\n<td>100 \u20ac<\/td>\n<\/tr>\n<tr>\n<td>31.3.2022<\/td>\n<td>10 \u20ac<\/td>\n<\/tr>\n<tr>\n<td>31.3.2022<\/td>\n<td>50 \u20ac<\/td>\n<\/tr>\n<tr>\n<td>31.3.2022<\/td>\n<td>10 \u20ac<\/td>\n<\/tr>\n<tr>\n<td>31.3.2022<\/td>\n<td>20 \u20ac<\/td>\n<\/tr>\n<tr>\n<td>28.3.2022<\/td>\n<td>50 \u20ac<\/td>\n<\/tr>\n<tr>\n<td>23.3.2022<\/td>\n<td>50 \u20ac<\/td>\n<\/tr>\n<tr>\n<td>22.3.2022<\/td>\n<td>270 \u20ac<\/td>\n<\/tr>\n<tr>\n<td>17.3.2022<\/td>\n<td>40 \u20ac<\/td>\n<\/tr>\n<tr>\n<td>14.3.2022<\/td>\n<td>20 \u20ac<\/td>\n<\/tr>\n<tr>\n<td>9.3.2022<\/td>\n<td>20 \u20ac<\/td>\n<\/tr>\n<tr>\n<td>7.3.2022<\/td>\n<td>50 \u20ac<\/td>\n<\/tr>\n<tr>\n<td>1.3.2022<\/td>\n<td>30 \u20ac<\/td>\n<\/tr>\n<tr>\n<td>28.2.2022<\/td>\n<td>50 \u20ac<\/td>\n<\/tr>\n<tr>\n<td>28.2.2022<\/td>\n<td>50 \u20ac<\/td>\n<\/tr>\n<tr>\n<td>28.2.2022<\/td>\n<td>25 \u20ac<\/td>\n<\/tr>\n<tr>\n<td>28.2.2022<\/td>\n<td>25 \u20ac<\/td>\n<\/tr>\n<tr>\n<td>27.2.2022<\/td>\n<td>10 \u20ac<\/td>\n<\/tr>\n<tr>\n<td>27.2.2022<\/td>\n<td>20 \u20ac<\/td>\n<\/tr>\n<tr>\n<td>27.2.2022<\/td>\n<td>30 \u20ac<\/td>\n<\/tr>\n<tr>\n<td>9.2.2022<\/td>\n<td>20 \u20ac<\/td>\n<\/tr>\n<tr>\n<td>7.2.2022<\/td>\n<td>30 \u20ac<\/td>\n<\/tr>\n<tr>\n<td>6.2.2022<\/td>\n<td>25 \u20ac<\/td>\n<\/tr>\n<tr>\n<td>6.2.2022<\/td>\n<td>800 \u20ac<\/td>\n<\/tr>\n<tr>\n<td>6.2.2022<\/td>\n<td>30 \u20ac<\/td>\n<\/tr>\n<tr>\n<td>6.2.2022<\/td>\n<td>30 \u20ac<\/td>\n<\/tr>\n<tr>\n<td>6.2.2022<\/td>\n<td>20 \u20ac<\/td>\n<\/tr>\n<tr>\n<td>6.2.2022<\/td>\n<td>15 \u20ac<\/td>\n<\/tr>\n<tr>\n<td>3.2.2022<\/td>\n<td>30 \u20ac<\/td>\n<\/tr>\n<tr>\n<th>Yhteens\u00e4<\/th>\n<th>2545 \u20ac \/ 10 000 \u20ac<\/th>\n<\/tr>\n<\/tbody>\n<\/table>\n<hr \/>\n<h3>Vuoden 2021 lahjoitukset<\/h3>\n<span style=\"display: none;\">count: 47 --- (0) - 140:101:1400.00 -- (1) - 134:100:20.00 -- 135:101:20.00 -- 136:103:20.00 -- 137:102:20.00 -- (2) - 132:103:100.00 -- (3) - 126:101:15.00 -- 127:100:15.00 -- 128:102:15.00 -- (4) - 124:103:50.00 -- (5) - 122:103:15.00 -- (6) - 119:100:50.00 -- 120:101:50.00 -- (7) - 117:103:5.00 -- (8) - 115:103:15.00 -- (9) - 110:102:20.00 -- 111:100:20.00 -- 112:101:20.00 -- 113:103:20.00 -- (10) - 108:103:5.00 -- (11) - 106:102:5.00 -- (12) - 104:100:20.00 -- (13) - 102:103:100.00 -- (14) - 100:103:30.00 -- (15) - 96:100:30.00 -- 97:101:30.00 -- 98:102:30.00 -- (16) - 92:101:60.00 -- 93:100:60.00 -- 94:102:60.00 -- (17) - 90:103:20.00 -- (18) - 88:100:50.00 -- (19) - 84:102:5.00 -- (20) - 80:102:75.00 -- 81:100:75.00 -- 82:101:75.00 -- (21) - 78:103:75.00 -- (22) - 75:100:20.00 -- 76:102:20.00 -- (23) - 71:102:15.00 -- 72:100:15.00 -- 73:101:15.00 -- (24) - 69:100:15.00 -- (25) - 67:101:5.00 -- (26) - 62:102:20.00 -- 63:100:20.00 -- 64:101:20.00 -- 65:103:20.00 -- (27) - 57:103:80.00 -- 58:101:80.00 -- 59:100:80.00 -- 60:102:80.00 -- (28) - 55:100:5.00 -- (29) - 51:102:105.00 -- 52:100:105.00 -- 53:101:105.00 -- (30) - 49:103:10.00 -- (31) - 47:101:20.00 -- (32) - 45:100:10.00 -- (33) - 43:103:25.00 -- (34) - 41:103:10.00 -- (35) - 37:102:15.00 -- 38:101:15.00 -- 39:100:15.00 -- (36) - 34:101:20.00 -- 35:100:20.00 -- (37) - 32:103:10.00 -- (38) - 28:103:50.00 -- (39) - 26:103:50.00 -- (40) - 21:100:50.00 -- 22:101:50.00 -- 23:102:50.00 -- 24:103:50.00 -- (41) - 19:102:5.00 -- (42) - 15:100:95.00 -- 16:101:95.00 -- 17:102:95.00 -- 18:103:95.00 -- (43) - 11:100:20.00 -- 12:101:20.00 -- 13:102:20.00 -- (44) - (45) - 3:103:15.00 -- 4:101:15.00 -- 5:102:15.00 -- (46) - 1:101:10.00 -- <\/span><table><tr><th colspan=2><h3>Lahjoitukset Pakistaniin<\/h3><\/th><\/tr><tr>\r\n    \t\t<td>10.04.2021 (ID: 134)<\/td>\r\n    \t\t<td>5 \u20ac<\/td>\r\n    \t<\/tr><tr>\r\n    \t\t<td>09.04.2021 (ID: 127)<\/td>\r\n    \t\t<td>5 \u20ac<\/td>\r\n    \t<\/tr><tr>\r\n    \t\t<td>06.04.2021 (ID: 119)<\/td>\r\n    \t\t<td>25 \u20ac<\/td>\r\n    \t<\/tr><tr>\r\n    \t\t<td>05.04.2021 (ID: 111)<\/td>\r\n    \t\t<td>5 \u20ac<\/td>\r\n    \t<\/tr><tr>\r\n    \t\t<td>05.04.2021 (ID: 104)<\/td>\r\n    \t\t<td>20 \u20ac<\/td>\r\n    \t<\/tr><tr>\r\n    \t\t<td>04.04.2021 (ID: 96)<\/td>\r\n    \t\t<td>10 \u20ac<\/td>\r\n    \t<\/tr><tr>\r\n    \t\t<td>03.04.2021 (ID: 93)<\/td>\r\n    \t\t<td>20 \u20ac<\/td>\r\n    \t<\/tr><tr>\r\n    \t\t<td>03.04.2021 (ID: 88)<\/td>\r\n    \t\t<td>50 \u20ac<\/td>\r\n    \t<\/tr><tr>\r\n    \t\t<td>02.04.2021 (ID: 81)<\/td>\r\n    \t\t<td>25 \u20ac<\/td>\r\n    \t<\/tr><tr>\r\n    \t\t<td>31.03.2021 (ID: 75)<\/td>\r\n    \t\t<td>10 \u20ac<\/td>\r\n    \t<\/tr><tr>\r\n    \t\t<td>30.03.2021 (ID: 72)<\/td>\r\n    \t\t<td>5 \u20ac<\/td>\r\n    \t<\/tr><tr>\r\n    \t\t<td>30.03.2021 (ID: 69)<\/td>\r\n    \t\t<td>15 \u20ac<\/td>\r\n    \t<\/tr><tr>\r\n    \t\t<td>30.03.2021 (ID: 63)<\/td>\r\n    \t\t<td>5 \u20ac<\/td>\r\n    \t<\/tr><tr>\r\n    \t\t<td>29.03.2021 (ID: 59)<\/td>\r\n    \t\t<td>20 \u20ac<\/td>\r\n    \t<\/tr><tr>\r\n    \t\t<td>24.03.2021 (ID: 55)<\/td>\r\n    \t\t<td>5 \u20ac<\/td>\r\n    \t<\/tr><tr>\r\n    \t\t<td>23.03.2021 (ID: 52)<\/td>\r\n    \t\t<td>35 \u20ac<\/td>\r\n    \t<\/tr><tr>\r\n    \t\t<td>20.03.2021 (ID: 45)<\/td>\r\n    \t\t<td>10 \u20ac<\/td>\r\n    \t<\/tr><tr>\r\n    \t\t<td>20.03.2021 (ID: 39)<\/td>\r\n    \t\t<td>5 \u20ac<\/td>\r\n    \t<\/tr><tr>\r\n    \t\t<td>20.03.2021 (ID: 35)<\/td>\r\n    \t\t<td>10 \u20ac<\/td>\r\n    \t<\/tr><tr>\r\n    \t\t<td>18.03.2021 (ID: 21)<\/td>\r\n    \t\t<td>15 \u20ac<\/td>\r\n    \t<\/tr><tr>\r\n    \t\t<td>16.03.2021 (ID: 15)<\/td>\r\n    \t\t<td>55 \u20ac<\/td>\r\n    \t<\/tr><tr>\r\n    \t\t<td>16.03.2021 (ID: 11)<\/td>\r\n    \t\t<td>10 \u20ac<\/td>\r\n    \t<\/tr><tr>\r\n      <th>Yhteens\u00e4<\/th>\r\n      <th>365 \u20ac \/ 2 814 \u20ac (12.9%)<\/th>\r\n    <\/tr><tr>\r\n        <th>Lahjoitukset riitt\u00e4v\u00e4t koululle<\/th>\r\n        <th>23 p\u00e4iv\u00e4ksi<\/th>\r\n      <\/tr><tr><td colspan=2><hr><\/td><\/tr><tr><th colspan=2><h3>Lahjoitukset Tansaniaan<\/h3><\/th><\/tr><tr>\r\n    \t\t<td>25.05.2021 (ID: 140)<\/td>\r\n    \t\t<td>1400 \u20ac<\/td>\r\n    \t<\/tr><tr>\r\n    \t\t<td>10.04.2021 (ID: 135)<\/td>\r\n    \t\t<td>5 \u20ac<\/td>\r\n    \t<\/tr><tr>\r\n    \t\t<td>09.04.2021 (ID: 126)<\/td>\r\n    \t\t<td>5 \u20ac<\/td>\r\n    \t<\/tr><tr>\r\n    \t\t<td>06.04.2021 (ID: 120)<\/td>\r\n    \t\t<td>25 \u20ac<\/td>\r\n    \t<\/tr><tr>\r\n    \t\t<td>05.04.2021 (ID: 112)<\/td>\r\n    \t\t<td>5 \u20ac<\/td>\r\n    \t<\/tr><tr>\r\n    \t\t<td>04.04.2021 (ID: 97)<\/td>\r\n    \t\t<td>10 \u20ac<\/td>\r\n    \t<\/tr><tr>\r\n    \t\t<td>03.04.2021 (ID: 92)<\/td>\r\n    \t\t<td>20 \u20ac<\/td>\r\n    \t<\/tr><tr>\r\n    \t\t<td>02.04.2021 (ID: 82)<\/td>\r\n    \t\t<td>25 \u20ac<\/td>\r\n    \t<\/tr><tr>\r\n    \t\t<td>30.03.2021 (ID: 73)<\/td>\r\n    \t\t<td>5 \u20ac<\/td>\r\n    \t<\/tr><tr>\r\n    \t\t<td>30.03.2021 (ID: 67)<\/td>\r\n    \t\t<td>5 \u20ac<\/td>\r\n    \t<\/tr><tr>\r\n    \t\t<td>30.03.2021 (ID: 64)<\/td>\r\n    \t\t<td>5 \u20ac<\/td>\r\n    \t<\/tr><tr>\r\n    \t\t<td>29.03.2021 (ID: 58)<\/td>\r\n    \t\t<td>20 \u20ac<\/td>\r\n    \t<\/tr><tr>\r\n    \t\t<td>23.03.2021 (ID: 53)<\/td>\r\n    \t\t<td>35 \u20ac<\/td>\r\n    \t<\/tr><tr>\r\n    \t\t<td>20.03.2021 (ID: 47)<\/td>\r\n    \t\t<td>20 \u20ac<\/td>\r\n    \t<\/tr><tr>\r\n    \t\t<td>20.03.2021 (ID: 38)<\/td>\r\n    \t\t<td>5 \u20ac<\/td>\r\n    \t<\/tr><tr>\r\n    \t\t<td>20.03.2021 (ID: 34)<\/td>\r\n    \t\t<td>10 \u20ac<\/td>\r\n    \t<\/tr><tr>\r\n    \t\t<td>18.03.2021 (ID: 22)<\/td>\r\n    \t\t<td>15 \u20ac<\/td>\r\n    \t<\/tr><tr>\r\n    \t\t<td>16.03.2021 (ID: 16)<\/td>\r\n    \t\t<td>10 \u20ac<\/td>\r\n    \t<\/tr><tr>\r\n    \t\t<td>16.03.2021 (ID: 12)<\/td>\r\n    \t\t<td>5 \u20ac<\/td>\r\n    \t<\/tr><tr>\r\n    \t\t<td>15.03.2021 (ID: 4)<\/td>\r\n    \t\t<td>5 \u20ac<\/td>\r\n    \t<\/tr><tr>\r\n    \t\t<td>13.03.2021 (ID: 1)<\/td>\r\n    \t\t<td>10 \u20ac<\/td>\r\n    \t<\/tr><tr>\r\n      <th>Yhteens\u00e4<\/th>\r\n      <th>1645 \u20ac \/ 1 848 \u20ac (89%)<\/th>\r\n    <\/tr><tr>\r\n        <th>Lahjoitukset riitt\u00e4v\u00e4t koululle<\/th>\r\n        <th>160 p\u00e4iv\u00e4ksi<\/th>\r\n      <\/tr><tr><td colspan=2><hr><\/td><\/tr><tr><th colspan=2><h3>Lahjoitukset Keniaan<\/h3><\/th><\/tr><tr>\r\n    \t\t<td>10.04.2021 (ID: 137)<\/td>\r\n    \t\t<td>5 \u20ac<\/td>\r\n    \t<\/tr><tr>\r\n    \t\t<td>09.04.2021 (ID: 128)<\/td>\r\n    \t\t<td>5 \u20ac<\/td>\r\n    \t<\/tr><tr>\r\n    \t\t<td>05.04.2021 (ID: 110)<\/td>\r\n    \t\t<td>5 \u20ac<\/td>\r\n    \t<\/tr><tr>\r\n    \t\t<td>05.04.2021 (ID: 106)<\/td>\r\n    \t\t<td>5 \u20ac<\/td>\r\n    \t<\/tr><tr>\r\n    \t\t<td>04.04.2021 (ID: 98)<\/td>\r\n    \t\t<td>10 \u20ac<\/td>\r\n    \t<\/tr><tr>\r\n    \t\t<td>03.04.2021 (ID: 94)<\/td>\r\n    \t\t<td>20 \u20ac<\/td>\r\n    \t<\/tr><tr>\r\n    \t\t<td>.. (ID: 84)<\/td>\r\n    \t\t<td>5 \u20ac<\/td>\r\n    \t<\/tr><tr>\r\n    \t\t<td>02.04.2021 (ID: 80)<\/td>\r\n    \t\t<td>25 \u20ac<\/td>\r\n    \t<\/tr><tr>\r\n    \t\t<td>31.03.2021 (ID: 76)<\/td>\r\n    \t\t<td>10 \u20ac<\/td>\r\n    \t<\/tr><tr>\r\n    \t\t<td>30.03.2021 (ID: 71)<\/td>\r\n    \t\t<td>5 \u20ac<\/td>\r\n    \t<\/tr><tr>\r\n    \t\t<td>30.03.2021 (ID: 62)<\/td>\r\n    \t\t<td>5 \u20ac<\/td>\r\n    \t<\/tr><tr>\r\n    \t\t<td>29.03.2021 (ID: 60)<\/td>\r\n    \t\t<td>20 \u20ac<\/td>\r\n    \t<\/tr><tr>\r\n    \t\t<td>23.03.2021 (ID: 51)<\/td>\r\n    \t\t<td>35 \u20ac<\/td>\r\n    \t<\/tr><tr>\r\n    \t\t<td>20.03.2021 (ID: 37)<\/td>\r\n    \t\t<td>5 \u20ac<\/td>\r\n    \t<\/tr><tr>\r\n    \t\t<td>18.03.2021 (ID: 23)<\/td>\r\n    \t\t<td>15 \u20ac<\/td>\r\n    \t<\/tr><tr>\r\n    \t\t<td>16.03.2021 (ID: 19)<\/td>\r\n    \t\t<td>5 \u20ac<\/td>\r\n    \t<\/tr><tr>\r\n    \t\t<td>16.03.2021 (ID: 17)<\/td>\r\n    \t\t<td>10 \u20ac<\/td>\r\n    \t<\/tr><tr>\r\n    \t\t<td>16.03.2021 (ID: 13)<\/td>\r\n    \t\t<td>5 \u20ac<\/td>\r\n    \t<\/tr><tr>\r\n    \t\t<td>15.03.2021 (ID: 5)<\/td>\r\n    \t\t<td>5 \u20ac<\/td>\r\n    \t<\/tr><tr>\r\n      <th>Yhteens\u00e4<\/th>\r\n      <th>200 \u20ac \/ 3 540 \u20ac (5.6%)<\/th>\r\n    <\/tr><tr>\r\n        <th>Lahjoitukset riitt\u00e4v\u00e4t koululle<\/th>\r\n        <th>10 p\u00e4iv\u00e4ksi<\/th>\r\n      <\/tr><tr><td colspan=2><hr><\/td><\/tr><tr><th colspan=2><h3>Yleislahjoitukset<\/h3><\/th><\/tr><tr>\r\n    \t\t<td>10.04.2021 (ID: 136)<\/td>\r\n    \t\t<td>5 \u20ac<\/td>\r\n    \t<\/tr><tr>\r\n    \t\t<td>10.04.2021 (ID: 132)<\/td>\r\n    \t\t<td>100 \u20ac<\/td>\r\n    \t<\/tr><tr>\r\n    \t\t<td>08.04.2021 (ID: 124)<\/td>\r\n    \t\t<td>50 \u20ac<\/td>\r\n    \t<\/tr><tr>\r\n    \t\t<td>06.04.2021 (ID: 122)<\/td>\r\n    \t\t<td>15 \u20ac<\/td>\r\n    \t<\/tr><tr>\r\n    \t\t<td>06.04.2021 (ID: 117)<\/td>\r\n    \t\t<td>5 \u20ac<\/td>\r\n    \t<\/tr><tr>\r\n    \t\t<td>05.04.2021 (ID: 115)<\/td>\r\n    \t\t<td>15 \u20ac<\/td>\r\n    \t<\/tr><tr>\r\n    \t\t<td>05.04.2021 (ID: 113)<\/td>\r\n    \t\t<td>5 \u20ac<\/td>\r\n    \t<\/tr><tr>\r\n    \t\t<td>05.04.2021 (ID: 108)<\/td>\r\n    \t\t<td>5 \u20ac<\/td>\r\n    \t<\/tr><tr>\r\n    \t\t<td>05.04.2021 (ID: 102)<\/td>\r\n    \t\t<td>100 \u20ac<\/td>\r\n    \t<\/tr><tr>\r\n    \t\t<td>05.04.2021 (ID: 100)<\/td>\r\n    \t\t<td>30 \u20ac<\/td>\r\n    \t<\/tr><tr>\r\n    \t\t<td>03.04.2021 (ID: 90)<\/td>\r\n    \t\t<td>20 \u20ac<\/td>\r\n    \t<\/tr><tr>\r\n    \t\t<td>31.03.2021 (ID: 78)<\/td>\r\n    \t\t<td>75 \u20ac<\/td>\r\n    \t<\/tr><tr>\r\n    \t\t<td>30.03.2021 (ID: 65)<\/td>\r\n    \t\t<td>5 \u20ac<\/td>\r\n    \t<\/tr><tr>\r\n    \t\t<td>29.03.2021 (ID: 57)<\/td>\r\n    \t\t<td>20 \u20ac<\/td>\r\n    \t<\/tr><tr>\r\n    \t\t<td>21.03.2021 (ID: 49)<\/td>\r\n    \t\t<td>10 \u20ac<\/td>\r\n    \t<\/tr><tr>\r\n    \t\t<td>20.03.2021 (ID: 43)<\/td>\r\n    \t\t<td>25 \u20ac<\/td>\r\n    \t<\/tr><tr>\r\n    \t\t<td>20.03.2021 (ID: 41)<\/td>\r\n    \t\t<td>10 \u20ac<\/td>\r\n    \t<\/tr><tr>\r\n    \t\t<td>20.03.2021 (ID: 32)<\/td>\r\n    \t\t<td>10 \u20ac<\/td>\r\n    \t<\/tr><tr>\r\n    \t\t<td>20.03.2021 (ID: 28)<\/td>\r\n    \t\t<td>50 \u20ac<\/td>\r\n    \t<\/tr><tr>\r\n    \t\t<td>20.03.2021 (ID: 26)<\/td>\r\n    \t\t<td>50 \u20ac<\/td>\r\n    \t<\/tr><tr>\r\n    \t\t<td>18.03.2021 (ID: 24)<\/td>\r\n    \t\t<td>5 \u20ac<\/td>\r\n    \t<\/tr><tr>\r\n    \t\t<td>16.03.2021 (ID: 18)<\/td>\r\n    \t\t<td>20 \u20ac<\/td>\r\n    \t<\/tr><tr>\r\n    \t\t<td>15.03.2021 (ID: 3)<\/td>\r\n    \t\t<td>5 \u20ac<\/td>\r\n    \t<\/tr><tr>\r\n      <th>Yhteens\u00e4<\/th>\r\n      <th>635 \u20ac \/ 1 798 \u20ac (35.3%)<\/th>\r\n    <\/tr><tr><td colspan=2><hr><\/td><\/tr><tr>\r\n\t\t<th><h3>Kaikki lahjoitukset yhteens\u00e4<\/h3><\/th>\r\n\t\t<th><h3>2845 \u20ac \/ 10 000 \u20ac (28.4%)<\/h3><\/th>\r\n\t<\/tr>\r\n\r\n  <\/table>\n","protected":false},"excerpt":{"rendered":"<p>Vuoden 2022 lahjoitukset Pienker\u00e4yksen j\u00e4rjest\u00e4\u00e4 vuonna 2022 Katulapsikoulujen tukiyhdistys ry (Y-tunnus: 3245450-9) Pienker\u00e4ys j\u00e4rjestet\u00e4\u00e4n yhteisty\u00f6ss\u00e4 Kehittyv\u00e4 koulu -yhdistyksen kanssa (Y-tunnus: 2180663-6) Pienker\u00e4ysnumero: RA\/2022\/131 Lataa ilmoituksen hyv\u00e4ksynt\u00e4 Ker\u00e4ys on voimassa 02.02.2022 &#8211; 01.05.2022. Listaa p\u00e4ivitet\u00e4\u00e4n manuaalisesti, joten lahjoitukset n\u00e4kyv\u00e4t t\u00e4\u00e4ll\u00e4 viiveell\u00e4. 2.5.2022 30 \u20ac 1.5.2022 100 \u20ac 1.5.2022 50 \u20ac 1.5.2022 20 \u20ac 1.5.2022 40 \u20ac&hellip; <br \/> <a class=\"read-more\" href=\"https:\/\/www.katulapsikoulut.fi\/sivut\/listaa-lahjoitukset\/\">Read more<\/a><\/p>\n","protected":false},"author":1,"featured_media":0,"parent":0,"menu_order":0,"comment_status":"closed","ping_status":"closed","template":"","meta":{"footnotes":""},"class_list":["post-177","page","type-page","status-publish","hentry"],"_links":{"self":[{"href":"https:\/\/www.katulapsikoulut.fi\/sivut\/wp-json\/wp\/v2\/pages\/177","targetHints":{"allow":["GET"]}}],"collection":[{"href":"https:\/\/www.katulapsikoulut.fi\/sivut\/wp-json\/wp\/v2\/pages"}],"about":[{"href":"https:\/\/www.katulapsikoulut.fi\/sivut\/wp-json\/wp\/v2\/types\/page"}],"author":[{"embeddable":true,"href":"https:\/\/www.katulapsikoulut.fi\/sivut\/wp-json\/wp\/v2\/users\/1"}],"replies":[{"embeddable":true,"href":"https:\/\/www.katulapsikoulut.fi\/sivut\/wp-json\/wp\/v2\/comments?post=177"}],"version-history":[{"count":14,"href":"https:\/\/www.katulapsikoulut.fi\/sivut\/wp-json\/wp\/v2\/pages\/177\/revisions"}],"predecessor-version":[{"id":657,"href":"https:\/\/www.katulapsikoulut.fi\/sivut\/wp-json\/wp\/v2\/pages\/177\/revisions\/657"}],"wp:attachment":[{"href":"https:\/\/www.katulapsikoulut.fi\/sivut\/wp-json\/wp\/v2\/media?parent=177"}],"curies":[{"name":"wp","href":"https:\/\/api.w.org\/{rel}","templated":true}]}}