{"id":212,"date":"2021-03-15T01:31:20","date_gmt":"2021-03-14T23:31:20","guid":{"rendered":"https:\/\/www.katulapsikoulut.fi\/sivut\/?page_id=212"},"modified":"2024-11-11T19:09:18","modified_gmt":"2024-11-11T17:09:18","slug":"meista","status":"publish","type":"page","link":"https:\/\/www.katulapsikoulut.fi\/sivut\/meista\/","title":{"rendered":"Meist\u00e4"},"content":{"rendered":"<h3>Katulapsikoulujen tukiyhdistys ry<\/h3>\n<div style=\"border: 1px solid #AAA; margin: 10px 20px; padding: 10px 20px; border-radius: 7px;\">\n<strong>Katulapsikoulujen tukiyhdistys ry<\/strong> perustettiin syksyll\u00e4 2021 jatkamaan Kehittyv\u00e4 koulu -yhdistyksen aloittamaa katulapsikoulutoimintaa.<\/p>\n<p><b>Y-tunnus:<\/b> 3245450-9<\/p>\n<h4>Katulapsikoulujen tukiyhdistyksen hallitus 2024<\/h4>\n<table class=\"board_table\" style=\"width: 100%;\">\n<tbody>\n<tr>\n<th>Rooli<br \/>Nimi<\/th>\n<th>S\u00e4hk\u00f6posti<\/th>\n<th>Puhelin<\/th>\n<\/tr>\n<tr>\n<td width=\"150\"><b>Puheenjohtaja<\/b><br \/>Aki Saariaho<\/td>\n<td>aki.saariaho (at) katulapsikoulut.fi<\/td>\n<td><\/td>\n<\/tr>\n<tr>\n<td><b>Rahastonhoitaja<\/b><br \/>Saara Tuomela<\/td>\n<td>saara.tuomela (at) katulapsikoulut.fi<\/td>\n<td><\/td>\n<\/tr>\n<tr>\n<td><b>Sihteeri, ker\u00e4ysvastaava<\/b><br \/>Marko Koskinen<\/td>\n<td>marko.koskinen (at) katulapsikoulut.fi<\/td>\n<td>+358 50 438 6658<\/td>\n<\/tr>\n<\/tbody>\n<\/table>\n<\/div>\n<hr \/>\n<h3>Kehittyv\u00e4 koulu -yhdistys ry<\/h3>\n<div style=\"border: 1px solid #AAA; margin: 10px 20px; padding: 10px 20px; border-radius: 7px;\">\n<a href=\"https:\/\/kehittyvakoulu.fi\" target=\"_blank\" rel=\"noopener\"><b>Kehittyv\u00e4 koulu -yhdistys ry<\/b><\/a> perustettiin kes\u00e4ll\u00e4 2001. Yhdistyksen tarkoitus on tukea lasten ja nuorten yksil\u00f6llisyytt\u00e4 ja ihmisarvoa kunnioittavia kasvatus- ja kouluj\u00e4rjestelyit\u00e4 sek\u00e4 kannustaa nuoria osallistumaan yhteiskunnalliseen p\u00e4\u00e4t\u00f6ksentekoon, yhdistystoimintaan sek\u00e4 mielipiteiden ilmaisuun.<\/p>\n<p>Yhdistyksen p\u00e4\u00e4toiminta on <a href=\"https:\/\/feeniks-koulu.fi\" target=\"_blank\" rel=\"noopener\">Feeniks-nettikoulun<\/a> tukiyhdistyksen\u00e4 toimiminen ja nettikouluntoiminnan kehitt\u00e4minen.<\/p>\n<p>Yhdistys on ollut mukana tukemassa katulapsitoimintaa vuodesta 2016, jolloin yhdistys j\u00e4rjesti Mikkeliss\u00e4 yhteisty\u00f6ss\u00e4 <a href=\"https:\/\/otavanopisto.fi\/\" target=\"_blank\" rel=\"noopener\">Otavan Opiston<\/a> kanssa kansainv\u00e4lisen kouludemokratian konferenssin, <a href=\"https:\/\/idec2016.org\" target=\"_blank\" rel=\"noopener\">IDEC@EUDEC 2016<\/a>, johon osallistui 400 osallistujaa 50 eri maasta.\n<\/div>\n","protected":false},"excerpt":{"rendered":"<p>Katulapsikoulujen tukiyhdistys ry Katulapsikoulujen tukiyhdistys ry perustettiin syksyll\u00e4 2021 jatkamaan Kehittyv\u00e4 koulu -yhdistyksen aloittamaa katulapsikoulutoimintaa. Y-tunnus: 3245450-9 Katulapsikoulujen tukiyhdistyksen hallitus 2024 RooliNimi S\u00e4hk\u00f6posti Puhelin PuheenjohtajaAki Saariaho aki.saariaho (at) katulapsikoulut.fi RahastonhoitajaSaara Tuomela saara.tuomela (at) katulapsikoulut.fi Sihteeri, ker\u00e4ysvastaavaMarko Koskinen marko.koskinen (at) katulapsikoulut.fi +358 50 438 6658 Kehittyv\u00e4 koulu -yhdistys ry Kehittyv\u00e4 koulu -yhdistys ry perustettiin kes\u00e4ll\u00e4 2001.&hellip; <br \/> <a class=\"read-more\" href=\"https:\/\/www.katulapsikoulut.fi\/sivut\/meista\/\">Read more<\/a><\/p>\n","protected":false},"author":1,"featured_media":0,"parent":0,"menu_order":0,"comment_status":"closed","ping_status":"closed","template":"","meta":{"footnotes":""},"class_list":["post-212","page","type-page","status-publish","hentry"],"_links":{"self":[{"href":"https:\/\/www.katulapsikoulut.fi\/sivut\/wp-json\/wp\/v2\/pages\/212","targetHints":{"allow":["GET"]}}],"collection":[{"href":"https:\/\/www.katulapsikoulut.fi\/sivut\/wp-json\/wp\/v2\/pages"}],"about":[{"href":"https:\/\/www.katulapsikoulut.fi\/sivut\/wp-json\/wp\/v2\/types\/page"}],"author":[{"embeddable":true,"href":"https:\/\/www.katulapsikoulut.fi\/sivut\/wp-json\/wp\/v2\/users\/1"}],"replies":[{"embeddable":true,"href":"https:\/\/www.katulapsikoulut.fi\/sivut\/wp-json\/wp\/v2\/comments?post=212"}],"version-history":[{"count":9,"href":"https:\/\/www.katulapsikoulut.fi\/sivut\/wp-json\/wp\/v2\/pages\/212\/revisions"}],"predecessor-version":[{"id":676,"href":"https:\/\/www.katulapsikoulut.fi\/sivut\/wp-json\/wp\/v2\/pages\/212\/revisions\/676"}],"wp:attachment":[{"href":"https:\/\/www.katulapsikoulut.fi\/sivut\/wp-json\/wp\/v2\/media?parent=212"}],"curies":[{"name":"wp","href":"https:\/\/api.w.org\/{rel}","templated":true}]}}