{"id":559,"date":"2022-02-02T18:41:36","date_gmt":"2022-02-02T16:41:36","guid":{"rendered":"https:\/\/www.katulapsikoulut.fi\/sivut\/?page_id=559"},"modified":"2022-02-02T19:41:48","modified_gmt":"2022-02-02T17:41:48","slug":"avoin-lahjoitus","status":"publish","type":"page","link":"https:\/\/www.katulapsikoulut.fi\/sivut\/avoin-lahjoitus\/","title":{"rendered":"Avoin lahjoitus"},"content":{"rendered":"<p><a href=\"https:\/\/www.katulapsikoulut.fi\/sivut\/wp-content\/uploads\/2022\/02\/vapaa_valinta.jpg\"><img loading=\"lazy\" decoding=\"async\" class=\"alignnone wp-image-549 \" src=\"https:\/\/www.katulapsikoulut.fi\/sivut\/wp-content\/uploads\/2022\/02\/vapaa_valinta.jpg\" alt=\"\" width=\"671\" height=\"503\" srcset=\"https:\/\/www.katulapsikoulut.fi\/sivut\/wp-content\/uploads\/2022\/02\/vapaa_valinta.jpg 1024w, https:\/\/www.katulapsikoulut.fi\/sivut\/wp-content\/uploads\/2022\/02\/vapaa_valinta-300x225.jpg 300w, https:\/\/www.katulapsikoulut.fi\/sivut\/wp-content\/uploads\/2022\/02\/vapaa_valinta-768x576.jpg 768w, https:\/\/www.katulapsikoulut.fi\/sivut\/wp-content\/uploads\/2022\/02\/vapaa_valinta-600x450.jpg 600w\" sizes=\"auto, (max-width: 671px) 100vw, 671px\" \/><\/a><\/p>\n<p><img loading=\"lazy\" decoding=\"async\" class=\"alignnone wp-image-552 size-full\" src=\"https:\/\/www.katulapsikoulut.fi\/sivut\/wp-content\/uploads\/2022\/02\/avoin_20.gif\" alt=\"\" width=\"664\" height=\"100\" \/><\/p>\n<hr \/>\n<p><strong>Kopioi alla oleva lukujono viivakoodin tekstikentt\u00e4\u00e4n, jos et voi lukea yll\u00e4 olevaa viivakoodia.<\/strong><\/p>\n<p>438660100106629710000200000000000000002002022042220207<\/p>\n<hr \/>\n<p><strong>Voit my\u00f6s sy\u00f6tt\u00e4\u00e4 maksutiedot manuaalisesti:<\/strong><\/p>\n<p><strong>Maksun saaja:<\/strong> Kehittyv\u00e4 koulu -yhdistys ry<br \/>\n<strong>Tilinumero:<\/strong> FI38 6601 0010 6629 71<br \/>\n<strong>Viitenumero:<\/strong> <span data-sheets-value=\"{&quot;1&quot;:2,&quot;2&quot;:&quot;20020 22042&quot;}\" data-sheets-userformat=\"{&quot;2&quot;:513,&quot;3&quot;:{&quot;1&quot;:0},&quot;12&quot;:0}\">20020 22042<\/span><br \/>\n<strong>Summa:<\/strong> Vapaavalintainen<\/p>\n<p><strong>Huom!<\/strong> Jokainen viiden eruon lahjoitus antaa yhden arpalipun ker\u00e4yksen arvontaan.<\/p>\n","protected":false},"excerpt":{"rendered":"<p>Kopioi alla oleva lukujono viivakoodin tekstikentt\u00e4\u00e4n, jos et voi lukea yll\u00e4 olevaa viivakoodia. 438660100106629710000200000000000000002002022042220207 Voit my\u00f6s sy\u00f6tt\u00e4\u00e4 maksutiedot manuaalisesti: Maksun saaja: Kehittyv\u00e4 koulu -yhdistys ry Tilinumero: FI38 6601 0010 6629 71 Viitenumero: 20020 22042 Summa: Vapaavalintainen Huom! Jokainen viiden eruon lahjoitus antaa yhden arpalipun ker\u00e4yksen arvontaan.<\/p>\n","protected":false},"author":1,"featured_media":0,"parent":0,"menu_order":0,"comment_status":"closed","ping_status":"closed","template":"","meta":{"footnotes":""},"class_list":["post-559","page","type-page","status-publish","hentry"],"_links":{"self":[{"href":"https:\/\/www.katulapsikoulut.fi\/sivut\/wp-json\/wp\/v2\/pages\/559","targetHints":{"allow":["GET"]}}],"collection":[{"href":"https:\/\/www.katulapsikoulut.fi\/sivut\/wp-json\/wp\/v2\/pages"}],"about":[{"href":"https:\/\/www.katulapsikoulut.fi\/sivut\/wp-json\/wp\/v2\/types\/page"}],"author":[{"embeddable":true,"href":"https:\/\/www.katulapsikoulut.fi\/sivut\/wp-json\/wp\/v2\/users\/1"}],"replies":[{"embeddable":true,"href":"https:\/\/www.katulapsikoulut.fi\/sivut\/wp-json\/wp\/v2\/comments?post=559"}],"version-history":[{"count":5,"href":"https:\/\/www.katulapsikoulut.fi\/sivut\/wp-json\/wp\/v2\/pages\/559\/revisions"}],"predecessor-version":[{"id":561,"href":"https:\/\/www.katulapsikoulut.fi\/sivut\/wp-json\/wp\/v2\/pages\/559\/revisions\/561"}],"wp:attachment":[{"href":"https:\/\/www.katulapsikoulut.fi\/sivut\/wp-json\/wp\/v2\/media?parent=559"}],"curies":[{"name":"wp","href":"https:\/\/api.w.org\/{rel}","templated":true}]}}