{"id":731,"date":"2026-04-28T14:46:27","date_gmt":"2026-04-28T12:46:27","guid":{"rendered":"https:\/\/www.katulapsikoulut.fi\/sivut\/?post_type=product&#038;p=731"},"modified":"2026-04-28T14:53:54","modified_gmt":"2026-04-28T12:53:54","slug":"a-womans-journey-abstrakti-maalaus-jazeps-konovalovs","status":"publish","type":"product","link":"https:\/\/www.katulapsikoulut.fi\/sivut\/tuote\/a-womans-journey-abstrakti-maalaus-jazeps-konovalovs\/","title":{"rendered":"A Woman&#8217;s Journey &#8211; Abstrakti maalaus &#8211; Jazeps Konovalovs"},"content":{"rendered":"<p>Jazeps Konovalovs on Latvian-suomalainen taiteilija, joka on julkaissut lukuisia abstrakteja t\u00f6it\u00e4.<\/p>\n<p>A Woman&#8217;s Journey -ty\u00f6 on toteutettu 64 x 91 cm kokoiselle puutaululle ja se avaa n\u00e4kym\u00e4n lapsuuden ja aikuisuuden rajaseudulle.<\/p>\n<p>&nbsp;<\/p>\n","protected":false},"excerpt":{"rendered":"<p>A Woman&#8217;s Journey -ty\u00f6 on toteutettu 64 x 91 cm kokoiselle puutaululle ja se avaa n\u00e4kym\u00e4n lapsuuden ja aikuisuuden rajaseudulle.<\/p>\n","protected":false},"featured_media":729,"template":"","meta":[],"product_brand":[],"product_cat":[19],"product_tag":[29,30],"class_list":{"0":"post-731","1":"product","2":"type-product","3":"status-publish","4":"has-post-thumbnail","6":"product_cat-yleinen","7":"product_tag-maalaus","8":"product_tag-oljyvari","10":"first","11":"instock","12":"virtual","13":"sold-individually","14":"purchasable","15":"product-type-auction"},"_links":{"self":[{"href":"https:\/\/www.katulapsikoulut.fi\/sivut\/wp-json\/wp\/v2\/product\/731","targetHints":{"allow":["GET"]}}],"collection":[{"href":"https:\/\/www.katulapsikoulut.fi\/sivut\/wp-json\/wp\/v2\/product"}],"about":[{"href":"https:\/\/www.katulapsikoulut.fi\/sivut\/wp-json\/wp\/v2\/types\/product"}],"wp:featuredmedia":[{"embeddable":true,"href":"https:\/\/www.katulapsikoulut.fi\/sivut\/wp-json\/wp\/v2\/media\/729"}],"wp:attachment":[{"href":"https:\/\/www.katulapsikoulut.fi\/sivut\/wp-json\/wp\/v2\/media?parent=731"}],"wp:term":[{"taxonomy":"product_brand","embeddable":true,"href":"https:\/\/www.katulapsikoulut.fi\/sivut\/wp-json\/wp\/v2\/product_brand?post=731"},{"taxonomy":"product_cat","embeddable":true,"href":"https:\/\/www.katulapsikoulut.fi\/sivut\/wp-json\/wp\/v2\/product_cat?post=731"},{"taxonomy":"product_tag","embeddable":true,"href":"https:\/\/www.katulapsikoulut.fi\/sivut\/wp-json\/wp\/v2\/product_tag?post=731"}],"curies":[{"name":"wp","href":"https:\/\/api.w.org\/{rel}","templated":true}]}}